, 37, 5775017
What are the prime factors of 5495870557?
31, 177286147
What are the prime factors of 71301809?
71301809
What are the prime factors of 129720183?
3, 17, 293, 8681
List the prime factors of 764633451.
3, 59, 4319963
What are the prime factors of 207824873?
207824873
What are the prime factors of 1744262891?
7, 23, 10833931
What are the prime factors of 85809876?
2, 3, 311, 22993
List the prime factors of 43459242.
2, 3, 17, 71, 353
List the prime factors of 566511443.
566511443
What are the prime factors of 2289892603?
61, 37539223
What are the prime factors of 676518959?
19, 73, 487757
List the prime factors of 2615426769.
3, 109, 163, 49069
What are the prime factors of 6074061477?
3, 11, 31, 5937499
List the prime factors of 98973414.
2, 3, 67883
What are the prime factors of 3178414976?
2, 11, 2257397
List the prime factors of 31597492.
2, 17, 23, 89, 227
What are the prime factors of 94049901?
3, 11, 43, 22093
What are the prime factors of 63587312?
2, 37, 2903
List the prime factors of 30224303.
67, 451109
What are the prime factors of 90688124?
2, 83, 273157
What are the prime factors of 458058138?
2, 3, 76343023
List the prime factors of 63110430.
2, 3, 5, 701227
List the prime factors of 167432170.
2, 5, 16743217
List the prime factors of 48492928.
2, 11, 31, 101
List the prime factors of 989504011.
53, 197, 94771
What are the prime factors of 43119373?
11, 3919943
List the prime factors of 18737664.
2, 3, 11, 1109
What are the prime factors of 251947035?
3, 5, 5598823
What are the prime factors of 487924653?
3, 162641551
List the prime factors of 1125316898.
2, 61, 9223909
What are the prime factors of 4786450983?
3, 8161, 65167
What are the prime factors of 2461649335?
5, 499, 986633
List the prime factors of 368780280.
2, 3, 5, 11, 491, 569
What are the prime factors of 2138778117?
3, 7, 1097, 4421
List the prime factors of 1954983644.
2, 19, 59, 127, 3433
List the prime factors of 170572901.
109, 281, 5569
List the prime factors of 502459468.
2, 7, 89, 201629
What are the prime factors of 144715011?
3, 7, 23, 299617
What are the prime factors of 69704812?
2, 23, 757661
What are the prime factors of 1038087719?
1038087719
What are the prime factors of 1390936208?
2, 86933513
List the prime factors of 524608876.
2, 11, 2621, 4549
List the prime factors of 19131610.
2, 5, 1913161
List the prime factors of 1246368426.
2, 3, 2089, 99439
What are the prime factors of 845593308?
2, 3, 7, 3355529
List the prime factors of 151099503.
3, 50366501
What are the prime factors of 118885419?
3, 47, 281053
What are the prime factors of 1601542760?
2, 5, 40038569
What are the prime factors of 155323933?
1409, 110237
List the prime factors of 467178316.
2, 11, 43, 246923
List the prime factors of 5422428819.
3, 293, 685429
What are the prime factors of 2936109831?
3, 17, 1087, 52963
What are the prime factors of 332432721?
3, 19, 71, 9127
List the prime factors of 35522653.
35522653
What are the prime factors of 74011388?
2, 11, 97, 17341
List the prime factors of 27701435.
5, 5540287
List the prime factors of 172607938.
2, 31, 2783999
List the prime factors of 98718275.
5, 3948731
List the prime factors of 1568458251.
3, 23, 7577093
List the prime factors of 534171474.
2, 3, 29, 1023317
List the prime factors of 479716152.
2, 3, 23, 463, 1877
List the prime factors of 974529079.
29, 1361, 24691
What are the prime factors of 100800816?
2, 3, 839, 2503
List the prime factors of 823726985.
5, 2909, 56633
What are the prime factors of 321245156?
2, 80311289
List the prime factors of 9759928.
2, 1219991
What are the prime factors of 1298506329?
3, 61, 167, 4721
What are the prime factors of 196635762?
2, 3, 1213801
What are the prime factors of 26737519?
26737519
List the prime factors of 2120373522.
2, 3, 67, 1758187
What are the prime factors of 10176766?
2, 5088383
What are the prime factors of 22483376?
2, 1405211
What are the prime factors of 779104407?
3, 17, 898621
What are the prime factors of 1026784645?
5, 205356929
List the prime factors of 638467205.
5, 127693441
What are the prime factors of 106935115?
5, 7, 103, 29663
List the prime factors of 213025320.
2, 3, 5, 719, 823
What are the prime factors of 227299042?
2, 29, 3918949
List the prime factors of 982825823.
7, 140403689
List the prime factors of 325389462.
2, 3, 3727, 14551
What are the prime factors of 458249603?
7, 17, 3850837
What are the prime factors of 49036948?
2, 19, 151, 4273
What are the prime factors of 2439723309?
3, 813241103
List the prime factors of 4394609437.
113, 38890349
List the prime factors of 812032091.
13, 701, 89107
List the prime factors of 438630788.
2, 43, 2550179
List the prime factors of 1485086752.
2, 29, 89, 17981
List the prime factors of 315181910.
2, 5, 37, 851843
What are the prime factors of 4796160?
2, 3, 5, 1249
What are the prime factors of 35606344?
2, 157, 28349
What are the prime factors of 110763299?
110763299
What are the prime factors of 64744866?
2, 3, 1198979
List the prime factors of 1232632652.
2, 23, 37, 257, 1409
What are the prime factors of 87400861?
61, 1432801
What are the prime factors of 36808705?
5, 7361741
What are the prime factors of 285369431?
103, 2770577
List the prime factors of 741566709.
3, 13, 1361, 4657
List the prime factors of 2743119177.
3, 809, 1130251
List the prime factors of 1583169812.
2, 7, 17, 475141
List the prime factors of 309857151.
3, 6163, 16759
List the prime factors of 49875652.
2, 31, 402223
What are the prime factors of 45219762?
2, 3, 7, 17, 31, 227
List the prime factors of 101310336.
2, 3, 87943
What are the prime factors of 91775917?
41, 277, 8081
List the prime factors of 69432020.
2, 5, 7, 70849
List the prime factors of 751616916.
2, 3, 97, 313, 2063
What are the prime factors of 364072388?
2, 91018097
List the prime factors of 79187593.
79187593
List the prime factors of 35695317.
3, 7, 29, 58613
List the prime factors of 259263872.
2, 7, 17, 17021
List the prime factors of 80000816.
2, 7, 193, 3701
What are the prime factors of 156585905?
5, 7, 47, 95189
What are the prime factors of 2278109765?
5, 455621953
What are the prime factors of 2202757751?
53, 569, 73043
What are the prime factors of 1337230816?
2, 541, 77243
What are the prime factors of 49331982?
2, 3, 7, 1174571
List the prime factors of 4007909083.
431, 1913, 4861
List the prime factors of 51968448.
2, 3, 7, 12889
List the prime factors of 1975164246.
2, 3, 11, 97, 102841
What are the prime factors of 8100867?
3, 439, 6151
List the prime factors of 3979357830.
2, 3, 5, 7, 109, 167, 347
What are the prime factors of 1604153170?
2, 5, 23, 313, 22283
List the prime factors of 12344889.
3, 19, 216577
List the prime factors of 102395173.
102395173
List the prime factors of 491472877.
7, 383, 183317
What are the prime factors of 22723613?
11, 431, 4793
List the prime factors of 34069973.
7, 4867139
What are the prime factors of 43686502?
2, 31, 149, 4729
List the prime factors of 6036198725.
5, 15173, 15913
List the prime factors of 18149941.
18149941
List the prime factors of 83153119.
7, 23, 239, 2161
List the prime factors of 292190781.
3, 17, 23, 249097
What are the prime factors of 846924805?
5, 31, 5464031
List the prime factors of 58475855.
5, 11695171
What are the prime factors of 1238509077?
3, 13, 31756643
List the prime factors of 224741425.
5, 719, 12503
List the prime factors of 1273869238.
2, 43, 173, 85621
List the prime factors of 17501159.
13, 1346243
What are the prime factors of 131615353?
727, 181039
What are the prime factors of 1700386335?
3, 5, 179, 211097
List the prime factors of 55808661.
3, 101, 184187
What are the prime factors of 57355920?
2, 3, 5, 37, 2153
What are the prime factors of 76248655?
5, 7, 17, 18307
What are the prime factors of 302755499?
17, 773, 23039
List the prime factors of 3855330132.
2, 3, 139, 2311349
List the prime factors of 2020443710.
2, 5, 17, 11884963
List the prime factors of 58509740.
2, 5, 19, 107, 1439
List the prime factors of 162398007.
3, 41, 146701
What are the prime factors of 2189535359?
11, 307, 503, 1289
List the prime factors of 216552058.
2, 173, 613, 1021
List the prime factors of 7095701902.
2, 61, 97, 599603
What are the prime factors of